{"id":22,"date":"2026-02-02T13:25:57","date_gmt":"2026-02-02T16:25:57","guid":{"rendered":"https:\/\/cels.org.ar\/sabesquefue\/?page_id=22"},"modified":"2026-02-05T14:28:11","modified_gmt":"2026-02-05T17:28:11","slug":"que-es-el-cels","status":"publish","type":"page","link":"https:\/\/cels.org.ar\/sabesquefue\/que-es-el-cels\/","title":{"rendered":"\u00bfQu\u00e9 es el CELS?"},"content":{"rendered":"\n<p>Somos una organizaci\u00f3n fundada durante la \u00faltima dictadura militar en la Argentina, en 1979, por <a href=\"https:\/\/www.cels.org.ar\/web\/presentacion\/fundadores-2\/\" data-type=\"link\" data-id=\"https:\/\/www.cels.org.ar\/web\/presentacion\/fundadores-2\/\" target=\"_blank\" rel=\"noreferrer noopener\">familiares de personas detenidas-desaparecidas<\/a>, quienes para buscarlas se juntaron y empezaron un <a href=\"https:\/\/www.cels.org.ar\/web\/presentacion\/historia\/\" data-type=\"link\" data-id=\"https:\/\/www.cels.org.ar\/web\/presentacion\/historia\/\" target=\"_blank\" rel=\"noreferrer noopener\">trabajo de documentaci\u00f3n, investigaci\u00f3n y denuncia de los cr\u00edmenes<\/a> que estaban ocurriendo. M\u00e1s de 45 a\u00f1os despu\u00e9s, esa tarea fundacional que desde entonces incluy\u00f3 dar apoyo legal y asistencia psicol\u00f3gica a las v\u00edctimas del plan de represi\u00f3n ilegal y clandestino, la seguimos haciendo.<\/p>\n\n\n\n<p>Adem\u00e1s, nos dedicamos a luchar contra el deterioro de las condiciones de vida y las violaciones a los derechos humanos que hay en la actualidad en nuestro pa\u00eds y en Am\u00e9rica Latina: la <a href=\"https:\/\/www.cels.org.ar\/web\/category\/violenciainstitucional\/\" data-type=\"link\" data-id=\"https:\/\/www.cels.org.ar\/web\/category\/violenciainstitucional\/\" target=\"_blank\" rel=\"noreferrer noopener\">violencia policial<\/a> y en las <a href=\"https:\/\/www.cels.org.ar\/web\/category\/carcelesysistemapenal\/\" data-type=\"link\" data-id=\"https:\/\/www.cels.org.ar\/web\/category\/carcelesysistemapenal\/\" target=\"_blank\" rel=\"noreferrer noopener\">c\u00e1rceles<\/a>; la represi\u00f3n de la <a href=\"https:\/\/www.cels.org.ar\/web\/category\/protestasocial\/\" data-type=\"link\" data-id=\"https:\/\/www.cels.org.ar\/web\/category\/protestasocial\/\" target=\"_blank\" rel=\"noreferrer noopener\">protesta<\/a>; la falta de acceso a la <a href=\"https:\/\/www.cels.org.ar\/web\/category\/salud\/\" data-type=\"link\" data-id=\"https:\/\/www.cels.org.ar\/web\/category\/salud\/\" target=\"_blank\" rel=\"noreferrer noopener\">salud<\/a>, a la alimentaci\u00f3n, a los cuidados, <a href=\"https:\/\/www.cels.org.ar\/web\/category\/tierra-vivienda-jus-economica\/\" data-type=\"link\" data-id=\"https:\/\/www.cels.org.ar\/web\/category\/tierra-vivienda-jus-economica\/\" target=\"_blank\" rel=\"noreferrer noopener\">a la vivienda, al ambiente sano<\/a>; los ataques a los derechos de las personas ind\u00edgenas, <a href=\"https:\/\/www.cels.org.ar\/web\/category\/migrantes\/\" data-type=\"link\" data-id=\"https:\/\/www.cels.org.ar\/web\/category\/migrantes\/\" target=\"_blank\" rel=\"noreferrer noopener\">migrantes<\/a> y del colectivo LGBTIQ+, entre muchos otros temas. Lo hacemos con trabajo jur\u00eddico, investigaci\u00f3n, formaci\u00f3n y comunicaci\u00f3n. Tambi\u00e9n ofrecemos <a href=\"https:\/\/www.cels.org.ar\/web\/consultas-juridicas\/\" data-type=\"link\" data-id=\"https:\/\/www.cels.org.ar\/web\/consultas-juridicas\/\" target=\"_blank\" rel=\"noreferrer noopener\">asesoramiento legal gratuito<\/a>.<\/p>\n\n\n\n<p>Y esa b\u00fasqueda de verdad y justicia que nos dio origen est\u00e1 vigente m\u00e1s que nunca: trabajamos en los juicios de lesa humanidad que contin\u00faan y nos proponemos impulsar debates que mantengan la construcci\u00f3n de la <a href=\"https:\/\/www.cels.org.ar\/web\/category\/memoriaverdadyjusticia\/\" data-type=\"link\" data-id=\"https:\/\/www.cels.org.ar\/web\/category\/memoriaverdadyjusticia\/\" target=\"_blank\" rel=\"noreferrer noopener\">memoria <\/a>como herramienta para entender el presente y transformar el futuro.<\/p>\n\n\n\n<p>\u00bfQuer\u00e9s saber m\u00e1s sobre el <a href=\"https:\/\/www.cels.org.ar\/web\/presentacion\/\" data-type=\"link\" data-id=\"https:\/\/www.cels.org.ar\/web\/presentacion\/\" target=\"_blank\" rel=\"noreferrer noopener\">CELS<\/a>? Buscanos en las redes: &lt;<a href=\"https:\/\/linkin.bio\/cels\/\" target=\"_blank\" rel=\"noreferrer noopener\">@cels_argentina<\/a>&gt;.<\/p>\n\n\n\n<p><\/p>\n","protected":false},"excerpt":{"rendered":"<p>Somos una organizaci\u00f3n fundada durante la \u00faltima dictadura militar en la Argentina, en 1979, por familiares de personas detenidas-desaparecidas, quienes para buscarlas se juntaron y empezaron un trabajo de documentaci\u00f3n, investigaci\u00f3n y denuncia de los cr\u00edmenes que estaban ocurriendo. M\u00e1s de 45 a\u00f1os despu\u00e9s, esa tarea fundacional que desde entonces incluy\u00f3 dar apoyo legal y [&hellip;]<\/p>\n","protected":false},"author":1,"featured_media":0,"parent":0,"menu_order":0,"comment_status":"closed","ping_status":"closed","template":"","meta":{"footnotes":""},"class_list":["post-22","page","type-page","status-publish","hentry"],"_links":{"self":[{"href":"https:\/\/cels.org.ar\/sabesquefue\/wp-json\/wp\/v2\/pages\/22","targetHints":{"allow":["GET"]}}],"collection":[{"href":"https:\/\/cels.org.ar\/sabesquefue\/wp-json\/wp\/v2\/pages"}],"about":[{"href":"https:\/\/cels.org.ar\/sabesquefue\/wp-json\/wp\/v2\/types\/page"}],"author":[{"embeddable":true,"href":"https:\/\/cels.org.ar\/sabesquefue\/wp-json\/wp\/v2\/users\/1"}],"replies":[{"embeddable":true,"href":"https:\/\/cels.org.ar\/sabesquefue\/wp-json\/wp\/v2\/comments?post=22"}],"version-history":[{"count":5,"href":"https:\/\/cels.org.ar\/sabesquefue\/wp-json\/wp\/v2\/pages\/22\/revisions"}],"predecessor-version":[{"id":123,"href":"https:\/\/cels.org.ar\/sabesquefue\/wp-json\/wp\/v2\/pages\/22\/revisions\/123"}],"wp:attachment":[{"href":"https:\/\/cels.org.ar\/sabesquefue\/wp-json\/wp\/v2\/media?parent=22"}],"curies":[{"name":"wp","href":"https:\/\/api.w.org\/{rel}","templated":true}]}}